 be (-8)/36 + 128/9. Suppose d - t = y + 5*d, -y + 5*d + 22 = 0. What is the remainder when 2 is divided by y?
0
Let q(h) = 2*h - 2. Let a be q(6). Let o = 18 - a. What is the remainder when o is divided by 3?
2
Let p = 48 + 67. What is the remainder when 76 is divided by 2 + 1 + p/5?
24
Let d(x) = -2*x + 7. Let w = 5 - 13. What is the remainder when d(w) is divided by 8?
7
Let c be -5 + 2 - 1 - 2. Let t be 135/12 - -3 - 5/20. Let h = t + c. Calculate the remainder when 13 is divided by h.
5
Suppose 0*w = -5*w. Suppose -3*a - 5*o + 14 = w, -2*a + 0*a = 2*o - 16. Calculate the remainder when a is divided by 8.
5
Calculate the remainder when (0 - 0)/3 + 21 is divided by 4.
1
Let q(v) = 3*v**2 - 4*v - 2*v**2 + 0*v**2 + 5. Let o(w) = w**3 + 2*w**2 - 3*w + 4. What is the remainder when q(5) is divided by o(-3)?
2
Let n = -8 + 10. Suppose -h = -3*a + 5, 6*a = n*a - 4*h + 12. Let v = a + 10. What is the remainder when 35 is divided by v?
11
Suppose j + j - 2*n = 134, 2*j - 138 = 4*n. Let h = 29 - 12. Calculate the remainder when j is divided by h.
14
Let i = -1 + 3. Let p(d) = -3*d**2 + 3*d**i + d + 2 - d**2. Calculate the remainder when p(0) is divided by 2.
0
Let p(n) = n**3 - 9*n**2 + 3*n - 14. Suppose -5*v + 115 = h + 4*h, 5*v + 3*h = 117. What is the remainder when v is divided by p(9)?
11
Suppose -1 + 4 = p + 5*g, -4*p + 57 = 5*g. Let v(j) = 2*j**2 - 3 + 13 + j - j**2. Calculate the remainder when v(-7) is divided by p.
16
Let s = -33 - -51. Calculate the remainder when 34 is divided by s.
16
Let k(a) = a**2 - 2*a + 9. Calculate the remainder when (14/(-6))/((-3)/45) is divided by k(3).
11
Let h(f) = -f**3 - 3*f**2 + 4*f + 5. Let p be h(-4). Suppose 0*y = p*y - 185. What is the remainder when y is divided by 51/4 + (-2)/(-8)?
11
Calculate the remainder when 2 is divided by (-3)/8*-4 + (-2)/4.
0
Let r = -8 - -22. What is the remainder when 67 is divided by r?
11
Suppose -v + 4*v + 3*h = 75, -2*v = -5*h - 85. What is the remainder when v is divided by 16?
14
Let v = -78 + 147. Calculate the remainder when v is divided by 24.
21
Let w(i) = 6*i**2 + 6*i + 3. Calculate the remainder when 19 is divided by w(-2).
4
Suppose 2*d = -2*n + 7*n - 166, 3*n + 2*d = 90. Let p = 10 + n. Calculate the remainder when 40 is divided by 16/(-6)*p/(-8).
12
Suppose 3*h = 5*h - 102. Calculate the remainder when h/(-6)*(-8)/4 is divided by 6.
5
Let l = 40 - 10. What is the remainder when l is divided by 7?
2
Let a be (1/2)/((-1)/10). Let m be (-424)/a - 2/(-10). Suppose -6*r + m = -r. What is the remainder when r is divided by 9?
8
Let o(z) = -17*z - 3. Suppose 15*h - 4*h - 143 = 0. Calculate the remainder when o(-3) is divided by h.
9
Let r(s) = -s**2 - 3*s + 2. Let n be r(-3). Suppose 0 = -2*v - q + 4, v + n*q = -1. What is the remainder when 8 is divided by v?
2
Let j = 1 - -7. Suppose -j = -5*p + 27. Calculate the remainder when 26 is divided by p.
5
Let t = 135 - 79. Suppose 2*h + 2*d - t = 0, -3*d + 34 = -0*h + h. What is the remainder when h is divided by 9?
7
What is the remainder when 37 is divided by 13/(1 - 0/4)?
11
Let o(d) = -d**2 - d - 1. Let x be o(-2). Let y(t) be the first derivative of -3*t**2/2 - 2*t - 3. Calculate the remainder when 20 is divided by y(x).
6
Let c = 3 - -10. Let h = -9 + 8. Calculate the remainder when (h/(-2))/(2/148) is divided by c.
11
Let b = -8 - -22. What is the remainder when 95 is divided by b?
11
Let o(f) = -f**3 - 8*f**2 + 9*f + 10. Calculate the remainder when 39 is divided by o(-9).
9
Suppose -h + 4 = -0*h. Calculate the remainder when 5 is divided by h.
1
Let c be 10*4/(-30)*-3. Suppose -3*v - 3*s - 43 = -c*v, 5*v = -2*s + 164. Let z = 16 - 7. What is the remainder when v is divided by z?
7
Suppose 0*b - 75 = -5*b + k, 0 = 5*b - 4*k - 60. Let o be (0 - 1)/(2/(-6)). Suppose 0 = -c + o*c - b. What is the remainder when 22 is divided by c?
6
What is the remainder when (-696)/(-15)*1 + (-15)/(-25) is divided by 10?
7
Let f be -2*(-1)/2*1. Let y = 7 + f. Suppose 0 = 3*j - 3, 7 + 12 = 4*x - j. Calculate the remainder when y is divided by x.
3
Suppose 4*y - 156 = -3*g, -g - 4*y = -8 - 52. What is the remainder when g is divided by 7?
6
Let c = -25 + 7. Let p = -10 - c. Let s = -6 - -29. Calculate the remainder when s is divided by p.
7
Let h = 21 + -11. Calculate the remainder when 24 is divided by h.
4
Let k = 38 + -24. What is the remainder when k is divided by (-1 - 7)/(-2) - -4?
6
What is the remainder when 369/7 + 2 + (-2)/(-7) is divided by 15?
10
Let k(o) = o + 26. What is the remainder when 56 is divided by k(-11)?
11
Let f(k) = -8*k - 5. Let v(y) = y**3 - 6*y**2 + 7*y - 7. Let a be v(5). Suppose -a = -g + 9. Calculate the remainder when f(-5) is divided by g.
11
Suppose c = 8*c - 98. Calculate the remainder when 26 is divided by c.
12
Suppose -3*v = -5 - 16. Calculate the remainder when 13 is divided by v.
6
Let d = 198 + -149. Calculate the remainder when d is divided by 18.
13
Let u = 168 + -90. What is the remainder when u is divided by 27?
24
Suppose 0 = 2*w - 0*w - 48. What is the remainder when w is divided by 4?
0
Suppose 0 = -5*v + 1 + 14. Suppose 33 = v*t - 30. Suppose 0 = 3*q - 6*q + t. What is the remainder when q is divided by 4?
3
Suppose -3*m = 2*m. Let n be 3 + (2 - 3) + m. Suppose -n*s + k + 6 = -4*k, -23 = -3*s + 4*k. Calculate the remainder when s is divided by 7.
6
Let f(c) = c**2 + 8*c - 15. Suppose 0 = 5*x + 4*k - 8*k - 40, 4*x + k - 11 = 0. Let p = x - -4. What is the remainder when p is divided by f(-10)?
3
Let v = -55 + 89. What is the remainder when v is divided by 9?
7
Let w(a) = a**2 - 7*a + 14. Let x be w(8). Let q = x - 1. Calculate the remainder when q is divided by 12.
9
Let x = 0 + 38. Let n(q) = -q**3 + 4*q**2 - 2*q + 3. Let h be n(2). Let j(k) = k**3 - 6*k**2 - 5*k - 1. Calculate the remainder when x is divided by j(h).
12
Let m(u) = u**3 + 8*u**2 - 12*u - 17. Let b be m(-9). Suppose 5*n - b = -d, -2*n + 5*d = -n + 24. What is the remainder when 1 is divided by n?
0
Suppose -3*n + 21 = -105. What is the remainder when n is divided by (12 - 1)*(-12)/(-12)?
9
Suppose -v = 3*z - 27, v - 5*z = 5*v - 101. What is the remainder when v is divided by 16?
8
Let l(p) = -14*p - 1. Let r(h) = -3*h**2 + h + 1. Let t be r(4). Calculate the remainder when -4 + (0 - t) + -2 is divided by l(-1).
11
Let v = -4 - -12. Let s = 11 - 1. Calculate the remainder when v/3*42/4 is divided by s.
8
Let o(p) = p - 1. Let g be o(-3). Let c = g + 6. Suppose 2*l = -c*l + 152. Calculate the remainder when l is divided by 13.
12
Suppose -g - 15 = -6*g. Suppose -3*o + z = -85, -63 - 17 = -2*o - 4*z. Calculate the remainder when o is divided by (-22)/(-8)*(g + 1).
8
Let r(n) = -5*n - 1 + 0 - 2*n**2 + 3 + n**3. Let v be (-14)/(-21) + 10/3. What is the remainder when 41 is divided by r(v)?
13
Let h be -5*-2*3/6. Let g = h - 1. Suppose -l - g*d = -25, -5*l + 9*l + 3*d - 61 = 0. What is the remainder when l is divided by 5?
3
Suppose -d - 43 = -2*x, -4*x + 65 = -x - 2*d. What is the remainder when 100 is divided by x?
16
Suppose 2*u + 10 = 7*u + 4*t, 2*u = 2*t - 14. Calculate the remainder when (68/8)/((-1)/u) is divided by 9.
8
Calculate the remainder when -11 - -50 - -1*3 is divided by 22.
20
Let j be (-9)/(3/(-2) - 0). Let n be 18/(-15)*(-20)/j. Calculate the remainder when (-1 + -1)*(-74)/n is divided by 13.
11
Suppose 0*b - 16 = -4*b. Calculate the remainder when 4 is divided by b.
0
Suppose -33 - 35 = -4*q. Calculate the remainder when 81 is divided by q.
13
Let b = 29 - 12. Calculate the remainder when b is divided by 9.
8
Let t(x) = 58*x**2 - 1. Let k = 8 + -7. What is the remainder when t(k) is divided by 15?
12
Let f(p) = 3*p - 14. Calculate the remainder when 43 is divided by f(12).
21
Let l be (-2)/(-8) - (-102)/8. Calculate the remainder when (l*-1)/(1/(-3)) is divided by 10.
9
Suppose 0*u - 936 = -4*u. Suppose 7*y - u = 4*y. What is the remainder when y is divided by 20?
18
Suppose -2*v = 5*u - 55, -4*u + 41 = -2*u - 3*v. Suppose -395 = -5*q - 115. Suppose -q = -2*m + 20. Calculate the remainder when m is divided by u.
12
Let q(u) = u**2 - 4*u + 5. Suppose 3*p + 2*p - 3*x = 35, 2*p - 2*x - 18 = 0. Calculate the remainder when 8 is divided by q(p).
3
Let w = 17 - 14. Suppose -k + 3 = -w. Calculate the remai